 greatest common factor of 13786 and 244.
122
Calculate the greatest common divisor of 68 and 6035.
17
Calculate the greatest common factor of 2837437 and 94.
47
What is the highest common factor of 21862 and 195472?
1286
Calculate the highest common factor of 168000 and 480.
480
Calculate the greatest common divisor of 3381 and 153174.
147
What is the highest common divisor of 153753 and 106?
53
What is the greatest common factor of 5866 and 17179?
419
What is the highest common divisor of 1332561 and 3?
3
Calculate the highest common factor of 1804 and 4685890.
902
Calculate the greatest common divisor of 1504 and 451952.
752
Calculate the greatest common divisor of 1332 and 864.
36
What is the greatest common factor of 1035 and 30?
15
Calculate the highest common divisor of 560976 and 87.
87
Calculate the highest common factor of 2681 and 427.
7
What is the highest common divisor of 54240 and 28320?
480
Calculate the greatest common divisor of 334 and 44255.
167
What is the highest common factor of 404 and 19493?
101
What is the greatest common factor of 70 and 11150?
10
What is the greatest common divisor of 72 and 52248?
24
Calculate the highest common divisor of 1225 and 658175.
175
Calculate the highest common divisor of 128933 and 287.
7
What is the greatest common factor of 2136759 and 722?
361
Calculate the greatest common divisor of 5539 and 2987.
29
Calculate the highest common factor of 227600 and 1000.
200
What is the highest common factor of 44740 and 3240?
20
What is the greatest common divisor of 108676 and 10100?
404
What is the highest common divisor of 3312 and 39192?
552
Calculate the greatest common factor of 358 and 132.
2
Calculate the greatest common factor of 5736 and 264.
24
Calculate the greatest common factor of 431766 and 289.
289
Calculate the greatest common divisor of 19528 and 872.
8
What is the greatest common divisor of 244 and 3148?
4
Calculate the greatest common divisor of 864 and 1926.
18
What is the greatest common divisor of 870 and 332485?
145
What is the greatest common factor of 15792 and 60816?
336
Calculate the greatest common factor of 30263 and 9707.
571
What is the greatest common divisor of 4436 and 512?
4
Calculate the greatest common divisor of 13992 and 3300.
132
What is the highest common divisor of 805 and 17825?
115
Calculate the highest common divisor of 140 and 2048620.
140
Calculate the highest common factor of 83516 and 12.
4
Calculate the greatest common factor of 41731 and 2878.
1439
Calculate the greatest common divisor of 5 and 93246.
1
Calculate the highest common divisor of 147098 and 98.
98
What is the greatest common factor of 473 and 20425?
43
What is the greatest common factor of 90 and 248470?
10
What is the highest common divisor of 10346 and 266?
14
Calculate the highest common factor of 4077 and 3294.
27
What is the highest common divisor of 66682 and 154?
154
Calculate the greatest common divisor of 306 and 151062.
102
What is the highest common factor of 10 and 605?
5
Calculate the greatest common divisor of 10 and 298180.
10
What is the greatest common factor of 733338 and 311?
311
What is the greatest common divisor of 16985 and 3950?
395
What is the highest common divisor of 68388 and 48?
12
What is the highest common factor of 7740 and 8280?
180
What is the greatest common divisor of 69824 and 48?
16
What is the highest common factor of 17831 and 2222?
11
Calculate the highest common factor of 495 and 50853.
33
What is the greatest common divisor of 48 and 21288?
24
Calculate the greatest common factor of 184 and 23299.
23
Calculate the highest common divisor of 3601 and 13.
13
What is the highest common factor of 967808 and 384?
128
Calculate the highest common factor of 1425 and 9.
3
Calculate the highest common divisor of 316107 and 18.
9
Calculate the greatest common divisor of 52355 and 148.
37
What is the greatest common factor of 998 and 1862268?
998
Calculate the highest common factor of 3384 and 716985.
423
What is the highest common factor of 66 and 3594?
6
What is the highest common divisor of 37 and 232619?
37
Calculate the highest common factor of 144 and 2589.
3
Calculate the highest common divisor of 1155735 and 21.
21
What is the greatest common divisor of 23635 and 127165?
145
Calculate the highest common factor of 440 and 46420.
220
What is the highest common factor of 82024 and 8?
8
Calculate the highest common divisor of 136 and 35683.
17
Calculate the greatest common factor of 40 and 1255570.
10
What is the greatest common divisor of 12765 and 23421?
111
Calculate the highest common factor of 1 and 88147.
1
Calculate the greatest common divisor of 58003 and 22.
11
What is the greatest common divisor of 30 and 1527530?
10
Calculate the greatest common divisor of 1665 and 296.
37
What is the highest common factor of 728 and 211?
1
Calculate the greatest common divisor of 2664 and 2997.
333
Calculate the greatest common factor of 305 and 1183705.
305
What is the greatest common factor of 15317 and 5491?
289
What is the greatest common divisor of 532 and 1444?
76
Calculate the greatest common factor of 403 and 26221.
13
Calculate the highest common factor of 1090 and 808562.
218
What is the greatest common factor of 3789 and 11788?
421
What is the highest common factor of 6 and 49917?
3
What is the greatest common factor of 51 and 275655?
51
Calculate the greatest common divisor of 19109 and 97.
97
Calculate the highest common factor of 238579 and 13079.
451
What is the highest common divisor of 22 and 168146?
22
What is the greatest common factor of 928 and 1682?
58
Calculate the greatest common divisor of 112 and 280294.
14
Calculate the highest common factor of 12990 and 2430.
30
What is the highest common factor of 21979 and 132583?
709
What is the greatest common factor of 532305 and 15?
15
Calculate the greatest common factor of 1968 and 7368.
24
What is the greatest common factor of 38376 and 9360?
936
Calculate the highest common divisor of 216 and 70488.
72
Calculate the greatest common divisor of 1136 and 1672.
8
Calculate the highest common divisor of 24 and 309066.
6
What is the greatest common factor of 316 and 191970?
158
What is the highest common divisor of 2934 and 12062?
326
What is the highest common divisor of 43664 and 48?
16
Calculate the greatest common divisor of 12 and 2005452.
12
Calculate the greatest common factor of 2 and 455028.
2
What is the highest common factor of 3066 and 6351?
219
What is the highest common factor of 700 and 857800?
100
Calculate the highest common factor of 1230 and 114.
6
What is the highest common divisor of 21288 and 12?
12
Calculate the highest common divisor of 117075 and 6825.
525
Calculate the highest common factor of 10274 and 286738.
934
What is the greatest common factor of 633 and 55282?
211
Calculate the greatest common factor of 11644 and 355.
71
What is the highest common factor of 72 and 89622?
18
Calculate the greatest common factor of 28369 and 451.
11
Calculate the greatest common factor of 8271 and 9.
9
Calculate the highest common factor of 70 and 14770.
70
Calculate the highest common factor of 28 and 17199.
7
Calculate the highest common divisor of 1340 and 45.
5
Calculate the greatest common factor of 8926 and 10.
2
Calculate the greatest common divisor of 148954 and 52.
26
What is the greatest common divisor of 912 and 471?
3
What is the highest common divisor of 1576 and 232?
8
Calculate the highest common factor of 10168 and 38376.
328
What is the highest common divisor of 5917 and 77592?
61
Calculate the highest common divisor of 15236 and 23608.
52
Calculate the highest common factor of 1000 and 2990.
10
What is the highest common divisor of 6759 and 422813?
751
What is the highest common divisor of 738631 and 148?
37
Calculate the greatest common divisor of 3085 and 1851.
617
What is the greatest common factor of 22619689 and 487?
487
What is the highest common divisor of 382 and 3404957?
191
What is the highest common factor of 399 and 73836?
21
What is the highest common factor of 28 and 695758?
14
What is the greatest common factor of 3364882 and 122?
122
Calculate the highest common factor of 156414 and 1048.
262
What is the greatest common divisor of 228448